{"id":51,"date":"2024-10-06T20:02:48","date_gmt":"2024-10-06T20:02:48","guid":{"rendered":"https:\/\/hollyshaw-slp.ca\/?page_id=51"},"modified":"2024-10-27T23:58:03","modified_gmt":"2024-10-27T23:58:03","slug":"about","status":"publish","type":"page","link":"https:\/\/hollyshaw-slp.ca\/?page_id=51","title":{"rendered":"A propos de moi-About me"},"content":{"rendered":"\n<p>English below<\/p>\n\n\n\n<p class=\"has-vivid-cyan-blue-color has-text-color has-link-color wp-elements-6e4b11dbd056cd834ac8d2d1afa44c5b\"><strong>Exp\u00e9rience professionnelle :<\/strong><\/p>\n\n\n\n<p>2010-2023 Centre de r\u00e9adaptation Lethbridge-Layton-Mackay du CIUSSS Centre-Ouest de Montr\u00e9al<\/p>\n\n\n\n<p>Pendant plus d&#8217;une dizaine d&#8217;ann\u00e9es, j&#8217;ai d\u00e9velopp\u00e9 des comp\u00e9tences en travaillant au sein d&#8217;une \u00e9quipe multidisciplinaire et en discernant les besoins des enfants et de leurs familles. J&#8217;ai effectu\u00e9 des \u00e9valuations et des th\u00e9rapies fond\u00e9es sur des donn\u00e9es probantes pour les tout-petits, les enfants d&#8217;\u00e2ge pr\u00e9scolaire et les enfants d&#8217;\u00e2ge scolaire (y compris les enfants pr\u00e9sentant des retards de d\u00e9veloppement, des troubles intellectuels et des troubles du spectre autistique). J&#8217;ai soutenu le d\u00e9veloppement de la parole, du langage, de la communication sociale et de l&#8217;absence de b\u00e9gaiement par le biais de th\u00e9rapies individuelles ou de groupe, de formations pour les proches, de programmes \u00e0 domicile et de consultations en garderie ou \u00e0 l&#8217;\u00e9cole. Je collaborais r\u00e9guli\u00e8rement avec d&#8217;autres cliniciens, des enseignants, des \u00e9ducateurs de garderie et des parents\/proches afin de promouvoir le d\u00e9veloppement de la communication de chaque enfant dans son environnement quotidien. J&#8217;ai cherch\u00e9 \u00e0 d\u00e9velopper mon leadership en occupant des postes de coordinatrice clinique et de copr\u00e9sidente du comit\u00e9 ex\u00e9cutif du conseil multidisciplinaire.<\/p>\n\n\n\n<p class=\"has-vivid-cyan-blue-color has-text-color has-link-color wp-elements-8a09740ef018451a766680eac85e3d7d\"><strong>Work Experience:<\/strong><\/p>\n\n\n\n<p>2010-2023 Lethbridge-Layton-Mackay Rehabilitation Centre within the CIUSSS West-Central Montreal<\/p>\n\n\n\n<p>For over a decade, I developed skills working within a multidisciplinary team and discerning the needs of children and their families. I provided assessment and evidence-based therapy for toddlers, preschoolers, and school-aged children (including children with developmental delays, intellectual disorders, and autism spectrum disorders). I supported the development of speech, language, social communication, and stutter-free speech through individual or group therapy, caregiver training seminars, home programming, and daycare\/school consults. I regularly collaborated with other clinicians, teachers, daycare educators, and parents\/caregivers to promote each child\u2019s communication development in his\/her daily environment. I sought leadership growth while undertaking positions as a clinical coordinator and a Multidisciplinary Council Executive Committee Co-president.<\/p>\n\n\n\n<p class=\"has-vivid-cyan-blue-color has-text-color has-link-color wp-elements-dfe90aa1dbaabe389e2b9939404db0c2\"><strong>Licenses<\/strong>:<\/p>\n\n\n\n<p>OOAQ Ordre des orthophonistes et audiologistes du Qu\u00e9bec <\/p>\n\n\n\n<p>OAC-SAC Orthophonie et Audiologie Canada &#8211; Speech-Language &amp; Audiology Canada<\/p>\n\n\n\n<p class=\"has-vivid-cyan-blue-color has-text-color has-link-color wp-elements-e3457a42d104b487e9947969d027c28d\"><strong>Certifications:<\/strong><\/p>\n\n\n\n<p>PROMPT Certification, Introduction &amp; Bridging workshops, The PROMPT Institute<\/p>\n\n\n\n<p>It Takes Two to Talk, The Hanen Centre<\/p>\n\n\n\n<p>More than Words, The Hanen Centre<\/p>\n\n\n\n<p>Learning Language and Loving It, The Hanen Centre<\/p>\n\n\n\n<p>Lidcombe Program Basic Training &amp; School-age workshops<\/p>\n\n\n\n<p class=\"has-vivid-cyan-blue-color has-text-color has-link-color wp-elements-8b5928ede962e6b37b3db471b61b7102\"><strong>Education<\/strong>:<\/p>\n\n\n\n<p>2007-2009 McGill University, Master of Science (Applied) in Speech-Language Pathology<\/p>\n\n\n\n<p>2003-2007 University of Ottawa, Honours Bachelor of Science and Concentration in Linguistics<\/p>\n\n\n\n<p><\/p>\n\n\n\n<p><\/p>\n","protected":false},"excerpt":{"rendered":"<p>English below Exp\u00e9rience professionnelle : 2010-2023 Centre de r\u00e9adaptation Lethbridge-Layton-Mackay du CIUSSS Centre-Ouest de Montr\u00e9al Pendant plus d&#8217;une dizaine d&#8217;ann\u00e9es, j&#8217;ai d\u00e9velopp\u00e9 des comp\u00e9tences en travaillant au sein d&#8217;une \u00e9quipe multidisciplinaire et en discernant les besoins des enfants et de leurs familles. J&#8217;ai effectu\u00e9 des \u00e9valuations et des th\u00e9rapies fond\u00e9es sur des donn\u00e9es probantes pour [&hellip;]<\/p>\n","protected":false},"author":1,"featured_media":0,"parent":0,"menu_order":0,"comment_status":"closed","ping_status":"closed","template":"","meta":{"footnotes":""},"class_list":["post-51","page","type-page","status-publish","hentry"],"_links":{"self":[{"href":"https:\/\/hollyshaw-slp.ca\/index.php?rest_route=\/wp\/v2\/pages\/51","targetHints":{"allow":["GET"]}}],"collection":[{"href":"https:\/\/hollyshaw-slp.ca\/index.php?rest_route=\/wp\/v2\/pages"}],"about":[{"href":"https:\/\/hollyshaw-slp.ca\/index.php?rest_route=\/wp\/v2\/types\/page"}],"author":[{"embeddable":true,"href":"https:\/\/hollyshaw-slp.ca\/index.php?rest_route=\/wp\/v2\/users\/1"}],"replies":[{"embeddable":true,"href":"https:\/\/hollyshaw-slp.ca\/index.php?rest_route=%2Fwp%2Fv2%2Fcomments&post=51"}],"version-history":[{"count":6,"href":"https:\/\/hollyshaw-slp.ca\/index.php?rest_route=\/wp\/v2\/pages\/51\/revisions"}],"predecessor-version":[{"id":97,"href":"https:\/\/hollyshaw-slp.ca\/index.php?rest_route=\/wp\/v2\/pages\/51\/revisions\/97"}],"wp:attachment":[{"href":"https:\/\/hollyshaw-slp.ca\/index.php?rest_route=%2Fwp%2Fv2%2Fmedia&parent=51"}],"curies":[{"name":"wp","href":"https:\/\/api.w.org\/{rel}","templated":true}]}}

<p>English below</p>



<p class="has-vivid-cyan-blue-color has-text-color has-link-color wp-elements-6e4b11dbd056cd834ac8d2d1afa44c5b"><strong>Expérience professionnelle :</strong></p>



<p>2010-2023 Centre de réadaptation Lethbridge-Layton-Mackay du CIUSSS Centre-Ouest de Montréal</p>



<p>Pendant plus d&#8217;une dizaine d&#8217;années, j&#8217;ai développé des compétences en travaillant au sein d&#8217;une équipe multidisciplinaire et en discernant les besoins des enfants et de leurs familles. J&#8217;ai effectué des évaluations et des thérapies fondées sur des données probantes pour les tout-petits, les enfants d&#8217;âge préscolaire et les enfants d&#8217;âge scolaire (y compris les enfants présentant des retards de développement, des troubles intellectuels et des troubles du spectre autistique). J&#8217;ai soutenu le développement de la parole, du langage, de la communication sociale et de l&#8217;absence de bégaiement par le biais de thérapies individuelles ou de groupe, de formations pour les proches, de programmes à domicile et de consultations en garderie ou à l&#8217;école. Je collaborais régulièrement avec d&#8217;autres cliniciens, des enseignants, des éducateurs de garderie et des parents/proches afin de promouvoir le développement de la communication de chaque enfant dans son environnement quotidien. J&#8217;ai cherché à développer mon leadership en occupant des postes de coordinatrice clinique et de coprésidente du comité exécutif du conseil multidisciplinaire.</p>



<p class="has-vivid-cyan-blue-color has-text-color has-link-color wp-elements-8a09740ef018451a766680eac85e3d7d"><strong>Work Experience:</strong></p>



<p>2010-2023 Lethbridge-Layton-Mackay Rehabilitation Centre within the CIUSSS West-Central Montreal</p>



<p>For over a decade, I developed skills working within a multidisciplinary team and discerning the needs of children and their families. I provided assessment and evidence-based therapy for toddlers, preschoolers, and school-aged children (including children with developmental delays, intellectual disorders, and autism spectrum disorders). I supported the development of speech, language, social communication, and stutter-free speech through individual or group therapy, caregiver training seminars, home programming, and daycare/school consults. I regularly collaborated with other clinicians, teachers, daycare educators, and parents/caregivers to promote each child’s communication development in his/her daily environment. I sought leadership growth while undertaking positions as a clinical coordinator and a Multidisciplinary Council Executive Committee Co-president.</p>



<p class="has-vivid-cyan-blue-color has-text-color has-link-color wp-elements-dfe90aa1dbaabe389e2b9939404db0c2"><strong>Licenses</strong>:</p>



<p>OOAQ Ordre des orthophonistes et audiologistes du Québec </p>



<p>OAC-SAC Orthophonie et Audiologie Canada &#8211; Speech-Language &amp; Audiology Canada</p>



<p class="has-vivid-cyan-blue-color has-text-color has-link-color wp-elements-e3457a42d104b487e9947969d027c28d"><strong>Certifications:</strong></p>



<p>PROMPT Certification, Introduction &amp; Bridging workshops, The PROMPT Institute</p>



<p>It Takes Two to Talk, The Hanen Centre</p>



<p>More than Words, The Hanen Centre</p>



<p>Learning Language and Loving It, The Hanen Centre</p>



<p>Lidcombe Program Basic Training &amp; School-age workshops</p>



<p class="has-vivid-cyan-blue-color has-text-color has-link-color wp-elements-8b5928ede962e6b37b3db471b61b7102"><strong>Education</strong>:</p>



<p>2007-2009 McGill University, Master of Science (Applied) in Speech-Language Pathology</p>



<p>2003-2007 University of Ottawa, Honours Bachelor of Science and Concentration in Linguistics</p>



<p></p>



<p></p>

<p>English below Expérience professionnelle : 2010-2023 Centre de réadaptation Lethbridge-Layton-Mackay du CIUSSS Centre-Ouest de Montréal Pendant plus d&#8217;une dizaine d&#8217;années, j&#8217;ai développé des compétences en travaillant au sein d&#8217;une équipe multidisciplinaire et en discernant les besoins des enfants et de leurs familles. J&#8217;ai effectué des évaluations et des thérapies fondées sur des données probantes pour [&hellip;]</p>
